st common factor of 114 and p.
6
Let p = 8794 - -289. Calculate the highest common factor of p and 31.
31
Let z be (-42)/147 - (-1606)/(-14). Let l = 267 - z. Suppose 0 = 3*x - 26 - l. Calculate the greatest common factor of 8 and x.
8
Let o(z) = 2*z**2 - 26*z - 102. Let g be o(21). What is the greatest common divisor of g and 598?
26
Let m(p) = 15*p**2 - 760*p - 759. Let a be m(-1). Suppose -c - 312 = -4*c. What is the highest common divisor of a and c?
8
Let o = -1 - -6. Suppose 4*d + 1 = o*z + 13, 12 = -d + 5*z. What is the greatest common factor of d and 464?
8
Suppose 62160 = -34*w + 20*w. Let y be ((-24)/(-20))/((-16)/w). What is the highest common factor of 18 and y?
9
Let w(x) = 34*x + 305. Let i be w(-2). Calculate the highest common divisor of 9 and i.
3
Let i(w) = -w**3 - 3*w**2 - 2*w - 17. Let l be i(-4). Suppose -l = -5*d + 4*d. What is the highest common factor of 5 and d?
1
Let r = 12182 - 3271. Calculate the highest common factor of r and 266.
133
Suppose -32 = -70*u + 62*u. Suppose 2*j = 7*j - u*g - 131, 0 = g - 1. What is the highest common divisor of j and 189?
27
Suppose -24483 + 8418 = -45*b. Calculate the highest common factor of b and 34.
17
Suppose 28 = 13*o - 6*o. Let q = 14 + o. Suppose 17*t - q*t = -30. What is the highest common divisor of 60 and t?
30
Let w = 0 - -5. Let s(y) = -y. Let d be s(-2). Let g(z) = -4*z + 9. Let t be g(d). What is the highest common factor of w and t?
1
Let f be (396 - -2)*(-3)/6. Let c = f + 285. Suppose 9*n = c - 5. Calculate the highest common divisor of 3 and n.
3
Suppose -5*g = x + 42 + 5, 0 = -3*x - g - 127. Let i be (1405/7 - 3) + (-12)/x. Calculate the highest common factor of i and 12.
6
Let z(w) = -3*w**3 - 10*w**2 - 11*w + 4. Let h be z(-3). Suppose -461 = -2*d + 3*p, -4*d + 791 + 136 = -5*p. What is the greatest common factor of h and d?
14
Let o(x) = 9*x - 37. Suppose 0 = -5*y + 14 + 41. Let q be o(y). Suppose q*m - 58*m - 72 = 0. Calculate the highest common divisor of 36 and m.
18
Suppose -8*v + 57084 = 71*v - 64655. Calculate the greatest common divisor of v and 161.
23
Let l = 7346 - 5159. Calculate the greatest common factor of l and 3.
3
Suppose 2*g = g + 104. Let z be (9/(-3))/(-21) + 220/77. Suppose -140 = -3*j + 4*u, -128 - 16 = -z*j + 3*u. Calculate the greatest common divisor of j and g.
52
Let u(l) = -2*l + 12. Let d be u(5). Let q be d - (-7 + 3) - 2. Suppose -335 = 10*s - 655. Calculate the greatest common divisor of q and s.
4
Let v(c) = -c**3 + 40*c**2 - 27*c + 190. Let j be v(16). Calculate the greatest common divisor of 52 and j.
26
Suppose 3*t - 5*t + 24 = 0. Suppose 36902 - 9758 = 348*o. What is the greatest common factor of o and t?
6
Suppose -251291 - 1651366 = -41*o + 72477. Calculate the highest common divisor of 42 and o.
42
Let z = 19124 - 19047. Suppose -3*y + m + 2*m = -12, 0 = -y + 4*m + 16. Suppose 11 = -y*t + t. What is the greatest common divisor of t and z?
11
Suppose 7595 = 490*k - 12495. Let m be (2 - (-4)/(-6))*246. Calculate the highest common divisor of k and m.
41
Let o be (-1*3)/(2/(-12)). Let f(r) = 12*r**2 - 57*r - 18. Let c be f(11). Let z = c - 789. What is the highest common divisor of z and o?
18
Let b = -18081 + 18167. What is the greatest common factor of b and 5461?
43
Suppose 0 = -8*r - 3474 + 1210. Let w be (r + 1)*6/(-9). Suppose -g - w = -4*m, -4*g - 84 = -2*m - g. What is the highest common factor of m and 6?
6
Suppose -3*d + 511 = -4*j, -43 = -5*j - 18. Let m be (d - 173) + (8 - (1 + -1)). What is the highest common factor of 20 and m?
4
Suppose -139 = -5*g - 2*c, 0*c + 98 = 4*g - 5*c. Let b = g + -6. Let f = b + 19. What is the greatest common divisor of 10 and f?
10
Let l(s) = -s**3 - 73*s**2 - 160*s + 3510. Let p be l(-70). Let v = 5 + -3. Let i = v - 0. What is the greatest common factor of i and p?
2
Suppose -4*a = -3*y + 26, 35 + 27 = 5*y - 2*a. Calculate the greatest common factor of y and 2317.
7
Suppose 20 = -0*s - s. Let j be (-2 + s)/((-2)/4). Let x = 1710 - 1699. What is the highest common factor of j and x?
11
Let b = -17 + -6. Let w = b + 26. Suppose 0 = -o - 2*i + 16 + 30, 0 = 3*o + w*i - 141. What is the greatest common factor of o and 12?
12
Let u(w) = 20*w + 3566. Let y be u(-109). Calculate the highest common divisor of y and 252.
126
Suppose -5*k = -72 + 12. Let c(q) = -6*q - 6. Let s be c(-1). Suppose s = -0*n + 3*n - k. Calculate the greatest common factor of 12 and n.
4
Suppose 5*u - 41 = 3*q - 18, 4*u = 5*q + 8. Let g(x) = x - 1. Let k be g(2). What is the greatest common factor of u and k?
1
Let m(v) = 18*v - 278. Let a be m(31). What is the greatest common divisor of a and 80?
40
Let c(d) = 2*d - 9*d - 142 + 24*d - 5*d. Let x be c(12). Calculate the highest common factor of 34 and x.
2
Let i be (0 + 1)/(27/162). Suppose i*w - 25 = -7. Let b be -2*(w + -1) + 12. Calculate the highest common factor of b and 32.
8
Let i = 1371 - 1321. Calculate the greatest common factor of i and 3550.
50
Let x = 8275 + -5401. Calculate the highest common divisor of 6 and x.
6
Let u = 1 + 8. Let i(j) = -j**2 - 12*j - 8. Suppose 15 = -z - 4*t, 4*t + 11 = -z + 2*t. Let g be i(z). What is the highest common divisor of g and u?
9
Suppose -100*r + 3783426 - 32426 = 100*r. What is the highest common divisor of r and 155?
155
Let a(d) = 298*d**2 - 5*d + 5. Let b be a(1). Suppose 0 = -z - 2*h + b, 2*z + 0*h + h = 605. Calculate the highest common divisor of z and 19.
19
Suppose -4*k = 5*w - 75, 4*k - 88 - 7 = -w. Suppose 4*o = -10 - 6, 0 = 3*f - 2*o - 683. What is the highest common divisor of f and k?
25
Suppose 3*i = -105 + 66. Let j(q) = -21*q + 24. Let h be j(i). What is the highest common divisor of h and 11?
11
Let n be (-2 + (-3)/(-3))*(2 + -33). Let j = n - 29. Let q be (-1)/(-5)*5*26. Calculate the greatest common factor of j and q.
2
Let j be 9/((4/14)/(4620/154)). What is the greatest common divisor of 252 and j?
63
Let k(c) = -18*c**2 + 31*c + 22. Let v be k(2). Calculate the greatest common divisor of v and 2742.
6
Let c(p) = 9*p + 5. Let n be c(-5). Let t = -29 - n. Suppose -100*h + 2889 + 67 = -344. Calculate the highest common factor of t and h.
11
Suppose -43*q + 177 = -42*q. Let w = 333 - q. What is the greatest common factor of w and 39?
39
Let j be ((-66)/18 + 3)*57. Let m = j + 43. Suppose f - 3*f = 4*x - 170, 140 = 4*x - 4*f. Calculate the greatest common divisor of m and x.
5
Let c be -8*(1 - (-5)/(-2)). Let f(g) = 2*g**3 - 10*g**2 + 15*g - 24. Let n be f(4). Let i = c - n. Calculate the highest common divisor of i and 80.
8
Let q(u) = 16*u - 14. Let o be q(1). Suppose 5*b - 69 = 4*a, 4*b - 93 = o*a - 33. What is the greatest common factor of 153 and b?
17
Let g(d) = -d**2 - 22*d + 170. Let s be g(6). Let x be s/11 + 113680/88. What is the highest common divisor of 76 and x?
76
Let t = 147 - 153. Let l(f) = 4*f**2 + 16*f + 8. Let h be l(t). Calculate the highest common divisor of h and 56.
56
Suppose 0 = -4*y - 4*o + 4, -2*y + 2*o + 17 = -o. Let z(f) = f**3 - 2*f**2 - 11*f + 39. Let n be z(y). What is the highest common factor of n and 63?
9
Let n(c) = 2*c**2 - 13*c + 13. Let z be n(12). Suppose 8*v - 203 = 29. What is the highest common divisor of z and v?
29
Let d = 350 + -221. Let m = d + 465. What is the highest common factor of m and 54?
54
Suppose 41 = 4*a + 1. Let b be 2*(2 - a/(-4)). Let s(q) = -q**2 - 13*q + 33. Let z be s(-15). Calculate the highest common factor of b and z.
3
Let y = -5 + 3. Let n be -15*(y + 55/15). Let u be ((-60)/n)/((-6)/(-165)). What is the greatest common factor of u and 11?
11
Suppose x = -3*j + 1 - 2, 0 = 3*j + 5*x - 19. Let y be 6/((-155)/(-70) + j). Suppose -y*v + 51 = -25*v. Calculate the greatest common factor of 187 and v.
17
Let a(f) = f**2 - 16*f - 137. Suppose -3*k - 92 = -4*t, 4*t - 92 = -24*k + 25*k. Let b be a(t). Calculate the highest common divisor of b and 15.
3
Let g(w) = -974*w - 3885. Let o be g(-4). Let b be (-135)/(-12) - 1/4. What is the greatest common divisor of b and o?
11
Suppose -b + 44 = 3*s + 2*s, 3*b + 2*s = 132. Let w(d) = -157*d - 1400. Let u be w(-12). Calculate the greatest common divisor of u and b.
44
Let d be (-10)/(-4)*9*(-1992)/(-2241). What is the greatest common factor of d and 18970?
10
Suppose 1 = -v + 1. Suppose -7*f + 